(s). Give g(-5).
-5
Suppose -x + 5*p = -29, -5 = -5*x - 2*p - p. Let m(c) = -c**3 + 3*c**2 + 6*c - 4. Determine m(x).
4
Let b(l) = l**3 + 3*l**2 + 3*l + 2. Let k(j) = 13. Let a(d) = -d + 51. Let n(g) = 2*a(g) - 9*k(g). Let p be n(-6). What is b(p)?
-7
Let q = -137 + 140. Let k(u) = -5*u - 6*u**2 - 4 + u**q + 5*u**2 + 3*u**2. What is k(-4)?
-16
Let n = 90 - 81. Let q be 2 + 0 - (-2)/1. Suppose -q*s - 20 = 0, -2*s + n + 2 = 3*i. Let j(f) = -f**3 + 8*f**2 - 6*f - 4. Determine j(i).
3
Let o(c) = 142*c + 6. Let p(i) = -63*i - 3. Let n(x) = 4*o(x) + 9*p(x). Determine n(11).
8
Let k(c) be the first derivative of c**3/3 - 3*c**2/2 + c - 168. Let g = -2 + 4. Suppose 2*f + 0*f + 10 = 0, -g*d = 3*f + 11. Calculate k(d).
-1
Let m(z) be the third derivative of z**7/1680 - z**6/240 + z**5/3 + 20*z**2. Let q(o) be the third derivative of m(o). Give q(3).
6
Let a(m) be the first derivative of m**3/3 + 5*m**2 + 5*m + 1. Let y be a(-10). Let u(b) = -b + 2*b - y - 2 - 3*b. Calculate u(-5).
3
Let h(r) be the first derivative of 1/4*r**4 - r**3 - 8 - r - 1/2*r**2. Determine h(4).
11
Let j(r) = -r**2 - 4*r + 7. Let h(k) = k - 7. Let n be h(9). Suppose -7 = w + t, 3*t = w - n*t + 1. Determine j(w).
-5
Let f(w) = -12*w + w - 11*w. Suppose 0 = 2*b - o - 4 + 5, -4*o = 4. Calculate f(b).
22
Let u(k) = k - 2. Let p(h) = h**3 + 10*h**2 + 9*h + 5. Let x be p(-9). Let t(d) = 0*d - 3*d**2 - d**3 - 6*d + 7 - x*d**2. Let i be t(-7). Calculate u(i).
-2
Let t(y) = 6*y. Suppose -3*b + 0*i + 86 = 4*i, -2*i = 4*b - 108. Let s be b/10 + 6/(-10). Suppose -z - s = -0*z. Give t(z).
-12
Let v(p) = p**3 + 13*p**2 + 13*p + 9. Suppose -4*g - 23 = 25. What is v(g)?
-3
Let u(q) be the second derivative of 2*q - 1/720*q**6 + 0*q**2 - 7/12*q**4 + 0 - 1/40*q**5 + 0*q**3. Let f(w) be the third derivative of u(w). Give f(-8).
5
Let b(z) be the third derivative of -z**4/8 + 7*z**3/3 - 21*z**2. Calculate b(8).
-10
Let t be 2/9 - (-68)/18. Suppose 3*c = t*n + 5, -n - 8 = 2*n + 2*c. Let d(q) be the first derivative of -q**4/4 + q**2/2 - 1. What is d(n)?
6
Let y = -45 + 25. Let i be (-5)/(y/(-8))*1. Let l be 2*i*(-5)/(-4). Let p(m) = m**2 + 7*m + 4. Calculate p(l).
-6
Let m(z) = -2*z - 5. Let f(j) = -j**2 + 3*j + 35. Let n be f(8). What is m(n)?
5
Let v(q) = 4*q - 36. Let m be v(10). Let g(k) be the third derivative of -k**6/120 + k**5/15 - k**4/8 + 2*k**3/3 + 4*k**2. What is g(m)?
-8
Let l(b) = b**3 + 3*b**2 - 6*b - 6. Let d(n) = -n**3 + 11*n**2 + 4. Let h be d(11). Suppose 4 = -2*y - h. Let g be l(y). Let w(s) = 4*s**2 - 2*s. Give w(g).
12
Let q(g) = 2*g**3 - 3*g**2 - 3*g - 1. Suppose k - 5*p + 12 = 0, -24*k + 19*k - p = -18. What is q(k)?
17
Let l(h) be the first derivative of h**3/6 + 4*h**2 + 17*h + 10. Let r(g) be the first derivative of l(g). What is r(-8)?
0
Let l(v) = -v - 1. Let o(k) = -3*k + 1. Let p = 21 - 23. Let m = p - -1. Let x(s) = m*o(s) + 2*l(s). Give x(0).
-3
Let q be 2*7*(-8)/(-16). Suppose 2*u + 5 = -q. Let d(i) = 3*i**3 - 7 + i + 6*i**2 - 3*i + 0*i**3 - 2*i**3. What is d(u)?
5
Let s(a) = -a**3 - 11*a**2 + 3*a + 11. Let f(p) = -p**3 - 5*p**2 - 5*p - 8. Let h be f(-3). Give s(h).
-22
Let f be (2/3)/(84/(-18) + 5). Suppose 3*r + 0*r = -f*r. Let v(i) = -i**2 + i - 13. What is v(r)?
-13
Suppose 0 = 7*z - 18 + 53. Let q(n) = -n**2 - 6*n - 4. Calculate q(z).
1
Let l be ((-4)/(-16))/((-19)/(-532)). Let k(d) = -d**3 + 7*d**2 - 2*d + 1. What is k(l)?
-13
Let m = -39 - 1. Let a be ((-6)/(-8))/(5 - (-185)/m). Let n(k) be the third derivative of -k**4/4 - k**3/6 + k**2. Calculate n(a).
-13
Let k(y) = y**3 - 4*y**2 + y + 2. Let s be (-4)/(-1) + (-13)/13. Suppose 0*g + 25 = s*g - 4*u, -4*u - 10 = 2*g. Determine k(g).
-4
Let x(s) be the third derivative of -s**4/6 + s**2. Let p(n) = -n**2 + 6*n + 4. Let h be p(6). Suppose -2 + 14 = h*m. Determine x(m).
-12
Let c(w) be the second derivative of -w**4/12 + 2*w**3/3 + 2*w**2 + 2*w. Let b(o) = -o**3 - 9*o**2 - 19*o - 3. Let n be b(-6). Determine c(n).
7
Let f = -1311 + 1314. Let g(b) = 6*b**2 + 2*b + 9. Let d(l) = 4 - 4 + 2*l**2 + 3 + l. Let n(t) = 17*d(t) - 6*g(t). Calculate n(f).
-6
Let g be 75/60 + (-5)/4. Let v(a) = -81 + a**3 - 6*a + 82 + 6*a**2 + g*a**3. Determine v(-7).
-6
Let v(m) = m**2 + 11*m + 12. Suppose -3*g + 4*s - 38 + 9 = 0, -3*s = 3*g + 15. Determine v(g).
-16
Suppose a - 3*b = 3*a - 11, a - 1 = 3*b. Let t(p) = -p**3 + 4*p**2 - 2*p - 1. Calculate t(a).
-9
Suppose 4*s = j - 33, -2*j - 39 = 5*s - 4*j. Let c(r) = 2*r**2 + 17*r - 9. Determine c(s).
0
Let l(d) be the first derivative of -2/3*d**3 + 3 + 0*d + 1/12*d**4 - 2*d**2. Let u(t) be the second derivative of l(t). What is u(5)?
6
Let f(w) be the first derivative of -4*w**2 - 3*w - 116. Calculate f(-2).
13
Let w(d) be the first derivative of 14 + 1/2*d**2 + 4*d. Give w(-2).
2
Let n be 4/(-12) + (-15)/9. Let r(w) be the second derivative of -1/3*w**3 - 1/20*w**5 - w**2 - 1/3*w**4 + 2*w + 0. Determine r(n).
-6
Let i(d) = d**2 - 2*d + 3. Let k = 50 + -45. Suppose -2*x + 5*p - 1 - k = 0, 0 = 3*x + p - 8. Give i(x).
3
Let w(k) = k**2 + k - 1. Let p be w(1). Let a(z) = -z**2. Let o(u) = u**3 - 6*u**2 - u + 2. Let n(c) = p*o(c) - 5*a(c). What is n(0)?
2
Let l = 4 - -14. Suppose 7 = 5*o - l. Suppose o*u + 3 = 18. Let y(d) = 3*d - 4. Calculate y(u).
5
Let k(o) = -6*o + 22. Let d(z) = -4*z + 14. Let u(c) = -5*d(c) + 3*k(c). Let b = 1 + 0. Let y = b + 3. What is u(y)?
4
Suppose -5*z + 3 = -7. Let h(c) = 5 + z + 4*c + c**3 - 8 - 4*c**2. Determine h(3).
2
Let t(l) = 1431*l**3 - 2 - 1 - 1430*l**3 - 4*l + l**2. What is t(-3)?
-9
Let r = 23 - 21. Let t(l) = -5*l + 3. Let s(w) = -10*w + 5. Let n(z) = -4*s(z) + 7*t(z). Give n(r).
11
Let u(h) = h**3 + h**2 - h - 2. Let f(v) = -v**3 + 10*v**2 + 11*v - 2. Let k = -23 + 34. Let q be f(k). Calculate u(q).
-4
Let p(f) = -2*f - 14. Let l(z) = -6*z + 28. Let j be l(6). What is p(j)?
2
Let u(g) = -g**3 + g**2 + 5*g + 4. Let l be u(-1). Let a(m) = -10*m**3 - 2*m**2. Let x(p) = 9*p**3 + 3*p**2. Let o(w) = 3*a(w) + 2*x(w). What is o(l)?
-12
Let x(q) be the second derivative of q**5/20 + 6*q**2 + 2*q. Let o = 775 + -775. What is x(o)?
12
Let k(u) = -12*u**2 + 2*u - 5. Let p(m) = 50 - 42 - 3*m + 9*m**2 - 4*m**2 + 13*m**2. Let b(q) = 8*k(q) + 5*p(q). Give b(1).
-5
Let i(y) be the third derivative of y**6/60 + y**5/12 + y**4/4 + 2*y**3/3 - 9*y**2. Let h(f) = 3*f**3 + 6*f**2 + 7*f + 4. Let n(d) = 3*h(d) - 4*i(d). Give n(3).
-4
Let s(u) = -9*u + 3. Let o(b) = b. Let i(t) = -24*o(t) - 3*s(t). Give i(7).
12
Suppose s = -d - 0*d + 5, -d - 5 = -4*s. Suppose 3*z - 5*h + 1 = -s, -5*h + 23 = 2*z. Let a(w) = -w**2 + w - 3. Determine a(z).
-15
Let z(y) = -y. Let q(k) = -k**3 - 4*k**2 - 2*k + 1. Let r(i) = i**2. Let p be r(-2). Let v be ((-15)/5)/(6/p). Let j be q(v). Calculate z(j).
3
Suppose 3*z + 12 = -r, -r - 3*z - 7 = -z. Let q(o) = -2*o + 2. Determine q(r).
-4
Let b(a) = -17*a**2 - 13*a - 1. Let k(i) = 4*i**2 + 3*i. Let x(g) = 2*b(g) + 9*k(g). Let d(f) = 3*f - 49. Let h be d(17). What is x(h)?
8
Let o = -4 + 25. Let r(c) = 5*c - o + 12 - 4*c. Calculate r(7).
-2
Let k(x) = 2*x**2 + 10*x + 43. Let t(h) = h**2 + 5*h + 20. Let c(g) = 6*k(g) - 13*t(g). Give c(-2).
4
Let f(g) = -4 - 4 - 4*g**3 - 6*g**2 + 3*g**3. Suppose 0 = 4*x - 28 - 20. Let l(p) = 2*p - 30. Let s be l(x). Determine f(s).
-8
Let h(l) = 3*l + 26. Let c be h(-11). Let t(a) = -a + 5. Let w(b) = 3*b - 9. Let s(x) = c*t(x) - 4*w(x). Determine s(-1).
6
Suppose 2*g - t - 10 = 0, -12*t + 29 = 5*g - 15*t. Let h(f) = 13*f**2 + 4*f + 2. Let d(u) = 13*u**2 + 3*u + 1. Let n(a) = 3*d(a) - 2*h(a). What is n(g)?
13
Suppose -4*q + 4 = s, -3*s - 4*q + 61 = 9. Let d be 4/6 + (-112)/s. Let j(b) = -3*b + 1. Let l(n) = -n. Let t(z) = 2*j(z) - 7*l(z). Determine t(d).
-2
Let z(t) be the first derivative of 4*t**3/3 - 3*t**2/2 - 2*t + 8. Give z(-2).
20
Let j = -30 - -34. Let d(v) = -v - 4*v + j*v. Determine d(4).
-4
Suppose 15 = 3*t, 9*b - 5*b - 33 = -t. Let a(y) = -y**3 + 8*y**2 - 7*y - 5. Determine a(b).
-5
Let g(j) be the first derivative of -j**3/2 - 9*j**2/2 + 27*j + 1. Let d(m) be the first derivative of g(m). Calculate d(-6).
9
Let o = 82 + -85. Let d(b) be the second derivative of b**5/20 + b**4/6 - 2*b**3/3 + b**2/2 - b. Let q be d(o). Let l(w) = -w + 4. Determine l(q).
0
Let o be 3*1 + -8 + 2. Let f(w) be the first deri